 9. Let c(m) = m**2 - 8*m - 8. Let p be c(8). Let v be b(p). Is 4 + v*(2 + 25) prime?
True
Is 176/(-1848) - (-8898340)/105 a composite number?
True
Suppose 0 = 3*r - 4*r + 27. Suppose 72 = 3*l + r. Suppose 5620 = -l*f + 19*f. Is f a prime number?
False
Let o(k) = 5784*k + 75. Let a be o(4). Suppose a = -2*g + 11*g. Is g a prime number?
True
Suppose -5*l + 2*r + 465940 = -387197, -2*l = -2*r - 341256. Is l a prime number?
True
Suppose 0 = -38*u + 25*u + 4579865 + 1177328. Is u a composite number?
False
Suppose -858*r = -857*r - 5*h - 20798, 4*h - 4 = 0. Is r prime?
False
Let s = 60 + -52. Suppose -s*y + 5*y + 24027 = 0. Is y prime?
True
Let t(g) = 303*g**2 + 4*g + 3. Let x(u) = u**3 - 4*u - 3. Let f be x(-2). Let m be t(f). Suppose -777 = 3*o - m. Is o composite?
False
Let w(l) = -4*l - 28. Let p be w(-5). Let y(i) = -i**2 - 11*i - 22. Let d be y(p). Is d - 2*-1073 - -5 a composite number?
False
Let w be ((-5)/5)/((-2 - -1)/48). Suppose -4*z + 60 = w. Suppose -3*m = q - 784, -q = z*m + q - 779. Is m composite?
False
Let s = -6 - -4. Is ((-50)/150)/(23170/11586 + s) a prime number?
True
Suppose 5*w + 2*m - 207477 = 304909, 4*m + 8 = 0. Is w a composite number?
True
Suppose 2*i + 263195 + 91954 = 5*i. Is i composite?
True
Let w = -2568 - -266. Is 3/((48/w)/(-8)) a composite number?
False
Let a(u) = 2*u**3 - 57*u**2 - 49*u - 387. Is a(30) composite?
True
Let p be (5 + 25)/6 + -1. Suppose 2*w - 6444 = -p*n + 2*n, -9674 = -3*w + 5*n. Is w a composite number?
True
Let g(c) = -c**3 + 6*c**2 + 3. Let w be g(6). Suppose m = 4*a - 6281, 0*a - w*a + 2*m + 4717 = 0. Is a/(10/4 - (-2 + 3)) prime?
False
Let o(s) = 2728*s**2 + 1242*s - 51. Is o(13) a composite number?
True
Suppose h - 5*q = 79669, q = -6 + 1. Suppose 0 = -8*z + 20*z - h. Is z composite?
False
Let m = 281358 + -195385. Is m a prime number?
False
Let r = -21895 - -43644. Let j = -14634 + r. Is j a prime number?
False
Let h(b) = 4*b**2 + 19*b - 28. Let l = -78 - -65. Is h(l) a composite number?
False
Let d = -102669 - -165742. Suppose 0 = 5*p - d - 61072. Is p prime?
False
Suppose 12 = -6*n + 6. Let f be ((-3)/5)/(n/(-35)*-1). Is (f/6)/(-7)*-734 a composite number?
False
Let u(w) = -49595*w**3 - 4*w**2 - 8*w - 16. Let t be u(-4). Suppose -45*a + t = 656327. Is a prime?
True
Let i = -11 + 18. Let j be 2/i + 26/7. Suppose j*m - 3186 = 2*m - 4*p, -4*m + 5*p = -6346. Is m prime?
False
Let m(p) = -317*p - 1. Let d be m(-5). Suppose -2*s + d = 5*h - 40, -2*h - 4*s + 640 = 0. Suppose -328*b = -h*b - 7202. Is b composite?
True
Is (-6)/288*-16*242745 a prime number?
False
Let p(h) = -5*h**3 - 57 + 26 - 8*h**2 + 15*h + 6*h**3 + 44*h**2. Is p(-24) composite?
False
Suppose 3*y + 6*y = 936. Suppose -4*m + 167 + 1549 = 0. Let u = y + m. Is u a prime number?
False
Suppose -4*w + 2612 = -512. Let g = -825 + 457. Let z = w + g. Is z composite?
True
Suppose -26*j + 15*j + 242 = 0. Suppose -32313 = -j*t + 74629. Is t a prime number?
True
Let a(u) = 36 - 35*u**2 + 17*u**2 + 14*u + 19*u**2 + 5*u. Let v be a(-15). Is 125297/15 + v/180 a composite number?
False
Let y be 11380590/910 - 1/7. Suppose -28162 = -12*r + y. Is r prime?
True
Let h(k) be the second derivative of k**4/4 - k**3/2 - 27*k**2/2 + 21*k. Suppose a - 3 - 5 = -5*n, 5*a + 4*n = 40. Is h(a) composite?
True
Suppose -67*x + 24*x = -5919251. Is x composite?
True
Suppose 3*s - 6*i + 6 = -3*i, -4*s - 5*i - 26 = 0. Is 2/((-119430)/(-29855) + s) composite?
True
Suppose -4*c = -8, -2*a - 4*c - 1 = -17. Suppose -12*y + 10*y = -8, 14008 = a*t - y. Is t a composite number?
True
Suppose 5 = -9*a + 518. Suppose 0 = 43*q - a*q + 81242. Is q prime?
False
Let d(a) = 16*a**2 - 13*a - 105. Let v be d(16). Suppose -6506 - 12373 = -5*j - 2*p, 0 = -j + 2*p + v. Is j prime?
False
Let r be (115/10 + -1)/((-2)/(-360892)). Is (r/196)/((-6)/(-8)) a composite number?
False
Let x(t) = -t**2 - 5*t - 2. Let d be x(-4). Suppose -d*m = -38*m + 183132. Is m a prime number?
True
Let q = -388 + 897. Let t = q + 390. Is t a prime number?
False
Let a = -379 - -379. Is 13822 + a + (-70)/(-10) prime?
True
Let f(z) = z**3 - 7*z**2 + 9*z + 5. Let n be f(5). Suppose n = -3*y - 13392 - 33. Is ((y/(-2))/5)/((-1)/(-2)) composite?
True
Let f(n) = -12*n - 9. Let q be f(-2). Let h(u) = 12 - q - 87*u - 37*u + 11*u. Is h(-8) a composite number?
True
Let g be -302*(-3)/(1 + 2) + 4. Let n = 5469 - g. Is n a composite number?
True
Suppose 7*y - 3*y - 44 = -4*b, 4*b - 12 = 4*y. Is (-52098)/(1 - b) - 2/1 a prime number?
True
Let m be 2*(-5)/(-8)*4. Let j(h) = 30*h - 6. Let s be j(m). Is s/1 + (0 - -1) a composite number?
True
Suppose 3*q = 3*b + 209961, 5*q + 2*b = 261732 + 88231. Let c = q - 27942. Is c a composite number?
True
Let x(z) = 226*z**2 - 28*z - 175. Is x(-16) composite?
False
Suppose 2*b + 2*g - 108 = 0, 3*b - 5*g = -2*b + 270. Let w be (-1 - 16688)/(b/(-36)). Suppose 4*q - 4*a - w = -6*a, 13875 = 5*q - 4*a. Is q a prime number?
False
Suppose -2*w - 15664 = 3476. Let i = w + 19189. Is i a composite number?
False
Suppose 18*d + 2899566 = 36*d. Is d a composite number?
False
Let b(y) = -y**3 + 24*y**2 - 24*y + 24. Suppose 16*k = 6*k + 230. Let u be b(k). Is (2313/4 - u)/((-4)/(-16)) a composite number?
False
Let u be (141915/(-10))/(-3)*(1 + -11). Is u*(24/(-20))/6 a prime number?
True
Let c be (5 - 4)*(-1 + -9). Let a(x) = -175*x - 17. Is a(c) a prime number?
True
Suppose 5*t = -3*q + 34, q + 10 = -4*q + 5*t. Suppose -13*o = -g - 18*o + 2425, -q*g + 2*o = -7309. Is g a composite number?
True
Let n(a) = -96*a - 704. Let u(c) = 5*c + 37. Let k(o) = -3*n(o) - 56*u(o). Let q be k(-5). Suppose q = 11*b - 14733 - 18652. Is b a composite number?
True
Suppose -3 = 3*k, -3*w + 5*k = -w + 121. Let m = 67 + w. Is 5/(5/14)*914/m a composite number?
True
Suppose -3*x = -5*x + 170. Let q = -93 + x. Is ((-1341)/(-6))/((-12)/q) a prime number?
True
Let w(v) = -2129*v + 97. Let x be w(-20). Suppose -n - 16086 = -x. Is n prime?
True
Let w(t) = -3*t**2 + 335*t + 426287. Is w(0) prime?
True
Let r(l) = 10 + l - 8 - 1 + 0. Let f be r(-1). Suppose 7*y - 2 - 1580 = f. Is y a prime number?
False
Let t be (20677 + (3 - 7))*(-4)/6. Let a = 31099 + t. Is a a prime number?
True
Let z be 0/1*(20/6 - 3). Is ((-8180)/10)/(-1 + z) a prime number?
False
Let z be 5 - (4343 + 1 + -6). Let h = z - -7935. Is h a composite number?
True
Let v(y) = -y**3 + 12*y**2 - 13*y + 29. Let l be v(11). Suppose 0 = 6*g - l - 317. Suppose 3*t + g = 327. Is t prime?
False
Let s(t) be the second derivative of -5*t**4/24 - 8*t**3/3 + 15*t**2/2 - 9*t. Let i(a) be the first derivative of s(a). Is i(-15) prime?
True
Suppose -626*z - 264976 = -642*z. Is z prime?
True
Suppose -3*z = -7*x + 204784, -2*x = 5*z - 64423 + 5884. Is x composite?
True
Let h = -8 - -2. Let u(k) = -781*k**3 - 10*k**2 + 13*k + 8. Let s(o) = -782*o**3 - 9*o**2 + 11*o + 7. Let y(d) = h*u(d) + 7*s(d). Is y(-2) a composite number?
True
Suppose 14*t = 21*t + 2520. Let w = t + 659. Is w a composite number?
True
Let v = 1928 + -3167. Let d = 706 - v. Is d a composite number?
True
Suppose -2174648 = -3825*p + 3769*p. Is p composite?
False
Let v(m) = m**2 + m. Let w(n) = 103*n**2 + 17*n. Let i(g) = -6*v(g) + w(g). Let j be i(-9). Suppose -j = -9*k + 3*k. Is k a composite number?
True
Suppose -4*u - 194781 = -5*t, -2*t + 8*u - 4*u = -77922. Is t a composite number?
False
Is (27 - (24 + -1)) + 136005 a composite number?
True
Is -28 + 35 - (1 + 0 + -88163) composite?
False
Suppose -4*k = -16, -10*b + 29418 = -8*b + 5*k. Is b a prime number?
True
Let b(i) = 126996*i**2 - 1484*i + 2973. Is b(2) prime?
False
Let z be (-3)/8 - (-68892)/(-96). Suppose o + 2*j - 1015 = 0, 0 = 7*o - 4*o + 4*j - 3041. Let a = o + z. Is a a composite number?
False
Let c = -47 - -44. Let n = c + 5. Suppose -x = -n*x + 749. Is x composite?
True
Suppose 0 = 2*m + 4*s - 249358, 937 = -5*s + 962. Is m composite?
False
Let m = 89 - 87. Suppose 0 = m*i - 694 - 4524. Is i composite?
False
Let t = -40041 + 123802. Is t prime?
True
Is (-7)/(700/(-5113040)) + 6/10 a prime number?
True
Suppose -5*q - 45 = 20. Let b(d) = 52*d**2 + 14*d + 23. Let h(m) = 103*m**2 + 32*m + 48. Let t(y) = 9*b(y) - 4*h(y). Is t(q) a composite number?
True
Let h(x) be the first derivative of 2126*x**3/3 - 2*x**2 + 5*x + 14. Is h(2) composite?
False
L